 of 14?
False
Suppose -3*y + 40 + 8 = 0. Is y a multiple of 4?
True
Suppose -5*g = 3*v - 9, 0*g - 8 = -2*g + v. Let k be (g/1 - 2)*1. Is 18 + 1 + k + 0 a multiple of 12?
False
Let r(g) be the third derivative of -1/4*g**4 + 1/120*g**6 + 0 + 0*g + 1/15*g**5 - 1/3*g**3 + 3*g**2. Is r(-4) a multiple of 11?
True
Let k = 56 - 100. Let t = -31 - k. Let p = t + 5. Is p a multiple of 9?
True
Let g(n) = -7*n**2. Let b be g(-1). Let j(r) = -8*r - 14. Let a(w) = -17*w - 29. Let l(z) = -4*a(z) + 9*j(z). Is l(b) a multiple of 7?
False
Suppose t - 2*m = 31, 0 = -2*t + 3*m + 23 + 35. Let c(s) = -s**3 + 7*s**2 - 8*s + 5. Let g be c(5). Let k = t - g. Is 5 a factor of k?
False
Suppose 2*o - 4*s = 7*o - 130, -o - 2*s + 20 = 0. Suppose 0 = -l - 4*l + o. Does 14 divide l/(-8) - 171/(-4)?
True
Let q = 5 + -3. Let z(n) = 7*n - 1. Is 13 a factor of z(q)?
True
Suppose 0 = 3*u - 3*o - 366, -4*o = -6*u + u + 613. Is 25 a factor of u?
True
Let k(h) = -3 + 3 + 0*h**2 + 4*h**2 + 1. Let f be k(-1). Suppose 0 = -f*z - 5, -4*a + 111 = -4*z + 19. Does 11 divide a?
True
Let h be 156 - (-7)/(7/(-2)). Let f = h - 99. Is 14 a factor of f?
False
Suppose -15 = 3*d, -3*g - d = -0*d + 245. Is 8 a factor of ((-12)/5)/(12/g)?
True
Let w be (-1 - -12)/((-1)/(-3)). Suppose 2*j - 5*j = -w. Does 5 divide j?
False
Let l(x) = -2*x**2 + 58*x - 18. Does 31 divide l(23)?
False
Let s = -13 + 19. Let q = s - 1. Suppose -q*l + 31 = o - 0*l, -l = 0. Is 11 a factor of o?
False
Suppose 19 - 117 = -7*p. Is p a multiple of 14?
True
Let s(t) = t - 2. Let j be s(9). Suppose -4*o + 5*a = -40, 2*o + 5*a + 55 = j*o. Does 15 divide o?
True
Suppose i + 3*i + 12 = 0. Let r be (-6)/(-2)*6/3. Is 2/r + (-62)/i a multiple of 9?
False
Let t(m) = 3*m + 10. Let f be t(-5). Does 17 divide (-308)/f - (-2)/5?
False
Is 28 a factor of 3 - 1 - (-6 + 2 + -195)?
False
Let d(k) be the third derivative of k**4/24 + 2*k**2. Does 2 divide d(5)?
False
Let z = -1 + 4. Suppose 3*d + 5*r - 24 = 0, 0*r + 2*r = 3*d - z. Suppose -24 = -x - d*x. Is 6 a factor of x?
True
Let o(c) = -c**2 - 11*c - 2. Suppose -2*j = -3*j - 29. Let x = 21 + j. Does 11 divide o(x)?
True
Suppose -1144 = -5*r - 4. Suppose -150 = -2*a + 2*t, 3*a - r + 3 = t. Is a a multiple of 13?
False
Let u(a) = 4*a**3 + a**2 - 5*a - 7. Does 9 divide u(3)?
False
Is 11 a factor of 1*29 + 12 + -8?
True
Let u = 66 - 38. Is u a multiple of 4?
True
Let s(k) = 2*k**3 + 2*k**2 + 2*k + 1. Let l(w) = w**3 - w**2 + w + 1. Let i(f) = 3*l(f) - s(f). Is 7 a factor of i(5)?
True
Suppose 5 = 4*p - 23. Suppose p*t + 61 = 159. Is t a multiple of 12?
False
Let b(o) = o**3 - 14*o**2 + 19*o + 6. Is b(13) a multiple of 28?
True
Let l(h) be the third derivative of h**6/4 + h**5/30 - h**4/12 + h**3/6 - 3*h**2. Let a be l(1). Let w = a - -13. Is 17 a factor of w?
False
Suppose 12 = -4*p + 4, -4*y = 3*p - 138. Is y a multiple of 12?
True
Let h = 4 + 6. Let n = h + -3. Is 5 a factor of n?
False
Is 696/7 + (-8)/(-14) a multiple of 15?
False
Let g be (-18)/(-15)*(6 + -1). Let q be 6*-5*6/(-15). Is 7 a factor of (28/q)/(2/g)?
True
Suppose 3*y = -2*y + 15. Suppose -y*m = -2*m - 21. Does 5 divide m?
False
Let a = -11 - -83. Is 18 a factor of a?
True
Suppose 4*b = 2*u - 104, 0 = -3*u + 2*b + 114 + 42. Is 26 a factor of u?
True
Does 6 divide 7/(-14) + 89/2?
False
Let b be (-1 - 5)/(4/(-54)). Let w = -31 + b. Suppose -y + 12 = x, -4*y = -5*x - 16 - w. Is 7 a factor of y?
True
Suppose y + 2*z = -7, -3*z - 18 = -y - 0*z. Suppose n - 20 = -y*n. Suppose o - 105 = -n*q, 0*q - o - 105 = -5*q. Is q a multiple of 12?
False
Let j(b) = -b**3 - 3*b**2 + 2*b - 4. Let q be j(-4). Does 14 divide (-14 + 0)*(-8)/q?
True
Let y(t) = t**3 - 5*t**2 + 6*t - 10. Does 20 divide y(5)?
True
Suppose -3*b + 2*b + 5 = 0. Suppose 138 = -b*n - 57. Let l = n - -60. Does 7 divide l?
True
Let o be (18/(-3))/(-3)*34. Suppose -2*a + 6*a = o. Is a a multiple of 6?
False
Let z(d) be the first derivative of -d**4/4 - 2*d**3 - 5*d**2/2 + 8*d - 3. Is 14 a factor of z(-6)?
False
Suppose 7*z - 4*z + 18 = 0. Is 3 a factor of z - -14 - (-1)/1?
True
Let d(x) = x + 5. Let w be d(0). Let v = 140 - 71. Suppose -w*l - 2*p = -99, 5*l - v = l - 5*p. Is l a multiple of 7?
True
Let g = -41 - -63. Let s = g - -7. Is s a multiple of 6?
False
Suppose -f + 13 = 106. Let b = -37 - f. Is 17 a factor of (6/(-7))/((-2)/b)?
False
Does 12 divide 20/30 + 584/6?
False
Suppose 79 = -3*o - 5*d + 316, -351 = -4*o + 5*d. Suppose 0*a - o = -4*a. Suppose -2*v = k - a, 2*v - 3*k + k = 6. Is 7 a factor of v?
False
Let s(v) = -39*v**3 + 3*v**2 + 4*v + 4. Is 20 a factor of s(-2)?
True
Let j(n) = 2*n**3 - 2*n**2 - 13. Is 8 a factor of j(4)?
False
Suppose -12*y = -0*y - 264. Does 11 divide y?
True
Let s = -104 + 327. Is s a multiple of 13?
False
Let x(a) = -7*a - 13. Is x(-10) a multiple of 12?
False
Let w(k) = 2*k. Let v be w(2). Let b be v + 2 + (-1 - 0). Suppose 0*a = -d + b*a - 7, 5*d + 5*a - 55 = 0. Is 8 a factor of d?
True
Suppose -167 = -4*y - 3*l - 0, 2*l - 43 = -y. Does 21 divide y?
False
Suppose -3*i + 0 = d - 2, -4*d = 3*i + 10. Does 7 divide -2 - (-2 + -25 + i)?
False
Let y be ((-6)/2)/(18/(-24)). Suppose z - 21 = -y. Let f = 35 - z. Does 11 divide f?
False
Suppose 12 = 4*h + 5*k - 1, 5*h = 4*k + 6. Suppose 3*x + h*j = 11 + 24, 5*x = -j + 49. Is x a multiple of 9?
True
Let i(f) = -6*f**3 + f**2 + f + 1. Let y be i(-2). Let r = -26 + y. Does 13 divide r?
False
Suppose 0 = 3*q + q - 5*k - 10, -3*k - 6 = 4*q. Suppose x - 29 = -q. Does 13 divide x/2 - 6/4?
True
Is 18 a factor of (-3)/15 + 361/5?
True
Let w be (-2)/(-8) + (-39)/(-4). Let c be w/3*9/6. Suppose 0 = -6*s + c*s - 4*l + 13, -s + 18 = -l. Does 16 divide s?
False
Suppose -4*k + k + 39 = 0. Suppose 3*j + j = -3*t + k, 11 = 2*t + 5*j. Let y = t + 0. Does 2 divide y?
False
Let a be (14*3/6)/1. Let j = 11 - 13. Is 11 a factor of j/7 + 275/a?
False
Suppose 2*h - 2*x - 3 = -3*x, 3 = 5*h + 4*x. Suppose -4*j - 5 = -m, -5*j = h*m + 3 - 1. Is 3 a factor of (j + 6)*(-8)/(-8)?
False
Let h = -8 - -48. Does 20 divide h?
True
Let r(y) = -y**3 + 10*y**2 - y - 12. Let k be r(10). Is (1*3)/((-2)/k) a multiple of 8?
False
Let z(g) = g**3 - 2*g**2 - 3*g - 2. Let v be z(3). Let r(h) = 7*h**2 - h + 2. Is r(v) a multiple of 23?
False
Let d(h) = -9*h + 5. Is d(-1) a multiple of 14?
True
Let i(n) = n + 5*n + 3*n - 5 - n. Does 25 divide i(10)?
True
Suppose w = -w - 10. Let t be w/(-25) - (-19)/5. Suppose -t*d = -3*d - 44. Is 12 a factor of d?
False
Is (-7 - -3)/(4/(-34)) a multiple of 13?
False
Suppose 0 = -4*f + i + 238, -2*f = -5*i + 2*i - 124. Is 23 a factor of f?
False
Let b(g) = g**3 - 9*g**2 + 9. Suppose o = -0*o + 9. Is 5 a factor of b(o)?
False
Suppose 0*d + 4*d = -2*f + 72, 0 = -3*d + 15. Is 13 a factor of f?
True
Let u(k) = k**2 - 3*k + 1. Let m be u(8). Let c = -3 + m. Let x = -22 + c. Is 12 a factor of x?
False
Let m(v) = 151*v + 1. Is 28 a factor of m(1)?
False
Let i(n) = 11*n - 1. Let o be i(1). Is 286/o + (-2)/(-5) a multiple of 11?
False
Suppose 0*d + 3*d = k - 39, 138 = 4*k - 3*d. Does 12 divide k?
False
Let m(w) = -5*w - 1. Let j be m(-2). Let i = j + -1. Is 5 a factor of i + 0*(-1)/(-2)?
False
Let r = 46 + -30. Suppose 0 = -o + 8 + r. Is o a multiple of 24?
True
Let z be (-10)/4*(-4)/5. Let u(a) = z - 17*a + 7*a - 1 - a**2. Is u(-8) a multiple of 17?
True
Is 5 a factor of (30/12)/(3 + (-178)/60)?
True
Let p(a) = a - 2 + 10 + 0*a. Is p(4) a multiple of 3?
True
Let y be (6/(-1 - -4))/2. Let z = y - -3. Suppose -f - z = -36. Is f a multiple of 14?
False
Let l(y) = y**2 - 3*y + 8. Does 8 divide l(8)?
True
Suppose -30 = 4*t + 10. Let i be (5 + -4)/(2/t). Let n(s) = -s. Is n(i) a multiple of 4?
False
Let b be (117/6)/((-3)/(-4)). Let z = 108 + -31. Let g = z - b. Does 21 divide g?
False
Let y be (-2)/6 - (-20)/6. Suppose 21 = -0*i + y*i. Does 7 divide i?
True
Let b = 37 + -29. Does 2 divide b?
True
Let z = 0 - 2. Let l = z + 0. Does 9 divide 9/(1 + 2 + l)?
True
Let x be (-635)/25 - 4/(-10). Is 10 a factor of ((-140)/x)/((-4)/(-10))?
False
Suppose -6*b + 3*b - 124 = -2*y, -120 = -2*y + 2*b. Is y a multiple of 19?
False
Suppose 2*n = -2*n - 5*c + 170, -3*n - 5*c = -130. Is 8 a factor of n?
True
Let w(p) = 2 + p**2 - 6*p + 4*p + 0. Is 10 a factor of w(-5)?
False
Let h(l) = -2*l**3 - 3*l**2 + 2*l - 1. Suppose n - 9 + 1 = 0. Let q